{"id":78,"date":"2021-08-17T08:04:00","date_gmt":"2021-08-17T06:04:00","guid":{"rendered":"http:\/\/parafia.grabownowielkie.pl\/?page_id=78"},"modified":"2023-09-06T05:53:32","modified_gmt":"2023-09-06T03:53:32","slug":"http-parafia-grabownowielkie-pl","status":"publish","type":"page","link":"https:\/\/parafia.grabownowielkie.pl\/","title":{"rendered":"STRONA G\u0141\u00d3WNA"},"content":{"rendered":"\n<p class=\"has-text-align-center\"><strong>Rozk\u0142ad Mszy:<\/strong><\/p>\n\n\n\n<p><a href=\"https:\/\/parafia.grabownowielkie.pl\/index.php\/jak-dojechac\/\" data-type=\"link\" data-id=\"https:\/\/parafia.grabownowielkie.pl\/index.php\/jak-dojechac\/\" target=\"_blank\" rel=\"noreferrer noopener\">Ko\u015bci\u00f3\u0142 Parafialny w Grabownie Wielkim:<\/a><\/p>\n\n\n\n<p class=\"has-text-align-center\">Poniedzia\u0142ek <strong>17<sup>00<\/sup><\/strong> \/ w okresie letnim 1.06-31.08 &#8211; <strong>19<sup>00<\/sup><\/strong><\/p>\n\n\n\n<p class=\"has-text-align-center\">Wtorek <strong>17<sup>00<\/sup><\/strong> \/ w okresie letnim 1.06-31.08 &#8211; <strong>19<sup>00<\/sup><\/strong><\/p>\n\n\n\n<p class=\"has-text-align-center\">\u015aroda <strong>17<sup>00<\/sup><\/strong> \/ w okresie letnim 1.06-31.08 &#8211; <strong>19<sup>00<\/sup><\/strong><\/p>\n\n\n\n<p class=\"has-text-align-center\">Czwartek <strong>17<sup>00<\/sup><\/strong> \/ w okresie letnim 1.06-31.08 &#8211; <strong>19<sup>00<\/sup><\/strong><\/p>\n\n\n\n<p class=\"has-text-align-center\">Pi\u0105tek <strong>17<sup>00<\/sup><\/strong> \/ w okresie letnim 1.06-31.08 &#8211; <strong>19<sup>00<\/sup><\/strong><\/p>\n\n\n\n<p class=\"has-text-align-center\">Niedziela <strong>8<sup>30<\/sup><\/strong>; <strong>11<sup>30<\/sup> <\/strong><\/p>\n\n\n\n<p class=\"has-text-align-center\"><\/p>\n\n\n\n<p><a href=\"https:\/\/parafia.grabownowielkie.pl\/index.php\/jak-dojechac\/\" target=\"_blank\" rel=\"noreferrer noopener\">Filia Bia\u0142e B\u0142oto:<\/a><\/p>\n\n\n\n<p class=\"has-text-align-center\">sobota <strong>17<sup>00<\/sup><\/strong><\/p>\n\n\n\n<p><a href=\"https:\/\/parafia.grabownowielkie.pl\/index.php\/jak-dojechac\/\" target=\"_blank\" rel=\"noreferrer noopener\">Filia Bukowinka:<\/a><\/p>\n\n\n\n<p class=\"has-text-align-center\">niedziela <strong>10<sup>00<\/sup><\/strong><\/p>\n","protected":false},"excerpt":{"rendered":"<p>Rozk\u0142ad Mszy: Ko\u015bci\u00f3\u0142 Parafialny w Grabownie Wielkim: Poniedzia\u0142ek 1700 \/ w okresie letnim 1.06-31.08 &#8211; 1900 Wtorek 1700 \/ w okresie letnim 1.06-31.08 &#8211; 1900 \u015aroda 1700 \/ w okresie letnim 1.06-31.08 &#8211; 1900 Czwartek 1700 \/ w okresie letnim 1.06-31.08 &#8211; 1900 Pi\u0105tek 1700 \/ w okresie letnim 1.06-31.08 &#8211; 1900 Niedziela 830; 1130 &#8230; <span class=\"more\"><a class=\"more-link\" href=\"https:\/\/parafia.grabownowielkie.pl\/\">[Read more&#8230;]<\/a><\/span><\/p>\n","protected":false},"author":1,"featured_media":500,"parent":0,"menu_order":0,"comment_status":"closed","ping_status":"closed","template":"","meta":{"footnotes":""},"class_list":{"0":"entry","1":"page","2":"publish","3":"author-admin","4":"post-78","6":"has-post-thumbnail"},"_links":{"self":[{"href":"https:\/\/parafia.grabownowielkie.pl\/index.php\/wp-json\/wp\/v2\/pages\/78","targetHints":{"allow":["GET"]}}],"collection":[{"href":"https:\/\/parafia.grabownowielkie.pl\/index.php\/wp-json\/wp\/v2\/pages"}],"about":[{"href":"https:\/\/parafia.grabownowielkie.pl\/index.php\/wp-json\/wp\/v2\/types\/page"}],"author":[{"embeddable":true,"href":"https:\/\/parafia.grabownowielkie.pl\/index.php\/wp-json\/wp\/v2\/users\/1"}],"replies":[{"embeddable":true,"href":"https:\/\/parafia.grabownowielkie.pl\/index.php\/wp-json\/wp\/v2\/comments?post=78"}],"version-history":[{"count":15,"href":"https:\/\/parafia.grabownowielkie.pl\/index.php\/wp-json\/wp\/v2\/pages\/78\/revisions"}],"predecessor-version":[{"id":716,"href":"https:\/\/parafia.grabownowielkie.pl\/index.php\/wp-json\/wp\/v2\/pages\/78\/revisions\/716"}],"wp:featuredmedia":[{"embeddable":true,"href":"https:\/\/parafia.grabownowielkie.pl\/index.php\/wp-json\/wp\/v2\/media\/500"}],"wp:attachment":[{"href":"https:\/\/parafia.grabownowielkie.pl\/index.php\/wp-json\/wp\/v2\/media?parent=78"}],"curies":[{"name":"wp","href":"https:\/\/api.w.org\/{rel}","templated":true}]}}