{"id":507,"date":"2023-04-29T14:22:13","date_gmt":"2023-04-29T12:22:13","guid":{"rendered":"http:\/\/parafia.grabownowielkie.pl\/?page_id=507"},"modified":"2026-03-28T19:14:42","modified_gmt":"2026-03-28T18:14:42","slug":"fundusz-remontowy","status":"publish","type":"page","link":"https:\/\/parafia.grabownowielkie.pl\/index.php\/fundusz-remontowy\/","title":{"rendered":"FINANSE PARAFII"},"content":{"rendered":"\n<p class=\"has-text-align-center\">W zwi\u0105zku z organizacj\u0105 sprzeda\u017cy cegie\u0142ek na remont dachu naszej \u015bwi\u0105tyni przedstawiciele rady parafialnej odwiedz\u0105 w sobot\u0119 13 maja wszystkie domy naszej parafii od godziny 9:00. Dzie\u0142o to pole\u0107my Matce Bo\u017cej. Z g\u00f3ry wszystkim dzi\u0119kuj\u0119 za zrozumienie tej nadzwyczajnej potrzeby&nbsp; &nbsp;&nbsp;<\/p>\n\n\n\n<p class=\"has-text-align-center\">Wszystkich ch\u0119tnych zapraszamy do sk\u0142adania dobrowolnych datk\u00f3w bezpo\u015brednio na konto Parafii:<\/p>\n\n\n\n<p class=\"has-text-align-center\">77 9584 1047 2005 0500 0749 0001 (BS Ole\u015bnica, oddzia\u0142 w Twardog\u00f3rze)<\/p>\n\n\n\n<p class=\"has-text-align-center\">Proboszcz <strong><em>Bartosz Ignaszewski&nbsp;<\/em><\/strong><\/p>\n\n\n\n<p>Oto nasze inwestycje, na kt\u00f3re finanse pochodz\u0105 z &#8222;Funduszu remontowego&#8221;:<\/p>\n\n\n\n<ul class=\"wp-block-list\">\n<li>Termomodernizacja Probostwa <\/li>\n<\/ul>\n\n\n\n<figure class=\"wp-block-gallery has-nested-images columns-default is-cropped wp-block-gallery-1 is-layout-flex wp-block-gallery-is-layout-flex\">\n<figure class=\"wp-block-image size-large\"><a href=\"https:\/\/parafia.grabownowielkie.pl\/wp-content\/uploads\/2026\/03\/21354.jpg\" target=\"_blank\" rel=\" noreferrer noopener\"><img loading=\"lazy\" decoding=\"async\" width=\"1024\" height=\"819\" data-id=\"1892\" src=\"https:\/\/parafia.grabownowielkie.pl\/wp-content\/uploads\/2026\/03\/21354-1024x819.jpg\" alt=\"\" class=\"wp-image-1892\" srcset=\"https:\/\/parafia.grabownowielkie.pl\/wp-content\/uploads\/2026\/03\/21354-1024x819.jpg 1024w, https:\/\/parafia.grabownowielkie.pl\/wp-content\/uploads\/2026\/03\/21354-300x240.jpg 300w, https:\/\/parafia.grabownowielkie.pl\/wp-content\/uploads\/2026\/03\/21354-768x614.jpg 768w, https:\/\/parafia.grabownowielkie.pl\/wp-content\/uploads\/2026\/03\/21354.jpg 1350w\" sizes=\"auto, (max-width: 1024px) 100vw, 1024px\" \/><\/a><\/figure>\n\n\n\n<figure class=\"wp-block-image size-large\"><a href=\"https:\/\/parafia.grabownowielkie.pl\/wp-content\/uploads\/2026\/03\/21490.jpg\" target=\"_blank\" rel=\" noreferrer noopener\"><img loading=\"lazy\" decoding=\"async\" width=\"1024\" height=\"768\" data-id=\"1893\" src=\"https:\/\/parafia.grabownowielkie.pl\/wp-content\/uploads\/2026\/03\/21490-1024x768.jpg\" alt=\"\" class=\"wp-image-1893\" srcset=\"https:\/\/parafia.grabownowielkie.pl\/wp-content\/uploads\/2026\/03\/21490-1024x768.jpg 1024w, https:\/\/parafia.grabownowielkie.pl\/wp-content\/uploads\/2026\/03\/21490-300x225.jpg 300w, https:\/\/parafia.grabownowielkie.pl\/wp-content\/uploads\/2026\/03\/21490-768x576.jpg 768w, https:\/\/parafia.grabownowielkie.pl\/wp-content\/uploads\/2026\/03\/21490.jpg 1440w\" sizes=\"auto, (max-width: 1024px) 100vw, 1024px\" \/><\/a><\/figure>\n\n\n\n<figure class=\"wp-block-image size-large\"><a href=\"https:\/\/parafia.grabownowielkie.pl\/wp-content\/uploads\/2026\/03\/21651.jpg\" target=\"_blank\" rel=\" noreferrer noopener\"><img loading=\"lazy\" decoding=\"async\" width=\"1024\" height=\"768\" data-id=\"1894\" src=\"https:\/\/parafia.grabownowielkie.pl\/wp-content\/uploads\/2026\/03\/21651-1024x768.jpg\" alt=\"\" class=\"wp-image-1894\" srcset=\"https:\/\/parafia.grabownowielkie.pl\/wp-content\/uploads\/2026\/03\/21651-1024x768.jpg 1024w, https:\/\/parafia.grabownowielkie.pl\/wp-content\/uploads\/2026\/03\/21651-300x225.jpg 300w, https:\/\/parafia.grabownowielkie.pl\/wp-content\/uploads\/2026\/03\/21651-768x576.jpg 768w, https:\/\/parafia.grabownowielkie.pl\/wp-content\/uploads\/2026\/03\/21651.jpg 1440w\" sizes=\"auto, (max-width: 1024px) 100vw, 1024px\" \/><\/a><\/figure>\n<\/figure>\n\n\n\n<ul class=\"wp-block-list\">\n<li>Rozpocz\u0119te prace przy budowie chodnika na cmentarzu<\/li>\n<\/ul>\n\n\n\n<figure class=\"wp-block-image size-large is-resized is-style-rounded\"><img loading=\"lazy\" decoding=\"async\" width=\"1024\" height=\"685\" src=\"https:\/\/parafia.grabownowielkie.pl\/wp-content\/uploads\/2023\/08\/fundusz2-1024x685.jpg\" alt=\"\" class=\"wp-image-592\" style=\"width:768px;height:514px\" srcset=\"https:\/\/parafia.grabownowielkie.pl\/wp-content\/uploads\/2023\/08\/fundusz2-1024x685.jpg 1024w, https:\/\/parafia.grabownowielkie.pl\/wp-content\/uploads\/2023\/08\/fundusz2-300x201.jpg 300w, https:\/\/parafia.grabownowielkie.pl\/wp-content\/uploads\/2023\/08\/fundusz2-768x514.jpg 768w, https:\/\/parafia.grabownowielkie.pl\/wp-content\/uploads\/2023\/08\/fundusz2-1536x1027.jpg 1536w, https:\/\/parafia.grabownowielkie.pl\/wp-content\/uploads\/2023\/08\/fundusz2.jpg 1615w\" sizes=\"auto, (max-width: 1024px) 100vw, 1024px\" \/><\/figure>\n\n\n\n<p><\/p>\n\n\n\n<ul class=\"wp-block-list\">\n<li>Wjazd granitowy do ko\u015bcio\u0142a<\/li>\n<\/ul>\n\n\n\n<figure class=\"wp-block-image size-large is-resized is-style-rounded\"><img loading=\"lazy\" decoding=\"async\" width=\"1024\" height=\"684\" src=\"https:\/\/parafia.grabownowielkie.pl\/wp-content\/uploads\/2023\/08\/fundusz1-1024x684.jpg\" alt=\"\" class=\"wp-image-591\" style=\"width:768px;height:513px\" srcset=\"https:\/\/parafia.grabownowielkie.pl\/wp-content\/uploads\/2023\/08\/fundusz1-1024x684.jpg 1024w, https:\/\/parafia.grabownowielkie.pl\/wp-content\/uploads\/2023\/08\/fundusz1-300x200.jpg 300w, https:\/\/parafia.grabownowielkie.pl\/wp-content\/uploads\/2023\/08\/fundusz1-768x513.jpg 768w, https:\/\/parafia.grabownowielkie.pl\/wp-content\/uploads\/2023\/08\/fundusz1-1536x1027.jpg 1536w, https:\/\/parafia.grabownowielkie.pl\/wp-content\/uploads\/2023\/08\/fundusz1.jpg 1616w\" sizes=\"auto, (max-width: 1024px) 100vw, 1024px\" \/><\/figure>\n\n\n\n<p><\/p>\n\n\n\n<ul class=\"wp-block-list\">\n<li>Renowacja Groty wraz z budow\u0105 chodnika i instalacja \u0142awek<\/li>\n<\/ul>\n\n\n\n<figure class=\"wp-block-image size-large is-resized is-style-rounded\"><img loading=\"lazy\" decoding=\"async\" width=\"1024\" height=\"685\" src=\"https:\/\/parafia.grabownowielkie.pl\/wp-content\/uploads\/2023\/08\/fundusz6-1024x685.jpg\" alt=\"\" class=\"wp-image-596\" style=\"width:768px;height:514px\" srcset=\"https:\/\/parafia.grabownowielkie.pl\/wp-content\/uploads\/2023\/08\/fundusz6-1024x685.jpg 1024w, https:\/\/parafia.grabownowielkie.pl\/wp-content\/uploads\/2023\/08\/fundusz6-300x201.jpg 300w, https:\/\/parafia.grabownowielkie.pl\/wp-content\/uploads\/2023\/08\/fundusz6-768x514.jpg 768w, https:\/\/parafia.grabownowielkie.pl\/wp-content\/uploads\/2023\/08\/fundusz6-1536x1028.jpg 1536w, https:\/\/parafia.grabownowielkie.pl\/wp-content\/uploads\/2023\/08\/fundusz6.jpg 1614w\" sizes=\"auto, (max-width: 1024px) 100vw, 1024px\" \/><\/figure>\n\n\n\n<p><\/p>\n\n\n\n<ul class=\"wp-block-list\">\n<li>Kompleksowa wymiana nag\u0142o\u015bnienia w ko\u015bciele  &nbsp;<\/li>\n<\/ul>\n\n\n\n<figure class=\"wp-block-image size-large is-style-rounded\"><img loading=\"lazy\" decoding=\"async\" width=\"1024\" height=\"684\" src=\"https:\/\/parafia.grabownowielkie.pl\/wp-content\/uploads\/2023\/08\/fundusz3-1024x684.jpg\" alt=\"\" class=\"wp-image-593\" srcset=\"https:\/\/parafia.grabownowielkie.pl\/wp-content\/uploads\/2023\/08\/fundusz3-1024x684.jpg 1024w, https:\/\/parafia.grabownowielkie.pl\/wp-content\/uploads\/2023\/08\/fundusz3-300x200.jpg 300w, https:\/\/parafia.grabownowielkie.pl\/wp-content\/uploads\/2023\/08\/fundusz3-768x513.jpg 768w, https:\/\/parafia.grabownowielkie.pl\/wp-content\/uploads\/2023\/08\/fundusz3-1536x1026.jpg 1536w, https:\/\/parafia.grabownowielkie.pl\/wp-content\/uploads\/2023\/08\/fundusz3.jpg 1617w\" sizes=\"auto, (max-width: 1024px) 100vw, 1024px\" \/><\/figure>\n\n\n\n<p><\/p>\n\n\n\n<p><\/p>\n\n\n\n<ul class=\"wp-block-list\">\n<li>Naprawa zegara na wie\u017cy ko\u015bcio\u0142a<\/li>\n<\/ul>\n\n\n\n<figure class=\"wp-block-image size-large is-resized is-style-rounded\"><img loading=\"lazy\" decoding=\"async\" width=\"680\" height=\"1024\" src=\"https:\/\/parafia.grabownowielkie.pl\/wp-content\/uploads\/2023\/08\/fundusz4-680x1024.jpg\" alt=\"\" class=\"wp-image-594\" style=\"width:510px;height:768px\" srcset=\"https:\/\/parafia.grabownowielkie.pl\/wp-content\/uploads\/2023\/08\/fundusz4-680x1024.jpg 680w, https:\/\/parafia.grabownowielkie.pl\/wp-content\/uploads\/2023\/08\/fundusz4-199x300.jpg 199w, https:\/\/parafia.grabownowielkie.pl\/wp-content\/uploads\/2023\/08\/fundusz4-768x1157.jpg 768w, https:\/\/parafia.grabownowielkie.pl\/wp-content\/uploads\/2023\/08\/fundusz4.jpg 805w\" sizes=\"auto, (max-width: 680px) 100vw, 680px\" \/><\/figure>\n\n\n\n<p><\/p>\n\n\n\n<ul class=\"wp-block-list\">\n<li>Instalacja por\u0119czy przy g\u0142\u00f3wnym wej\u015bciu<\/li>\n<\/ul>\n\n\n\n<figure class=\"wp-block-image size-large is-resized is-style-rounded\"><img loading=\"lazy\" decoding=\"async\" width=\"1024\" height=\"683\" src=\"https:\/\/parafia.grabownowielkie.pl\/wp-content\/uploads\/2023\/08\/fundusz5-1024x683.jpg\" alt=\"\" class=\"wp-image-595\" style=\"width:768px;height:512px\" srcset=\"https:\/\/parafia.grabownowielkie.pl\/wp-content\/uploads\/2023\/08\/fundusz5-1024x683.jpg 1024w, https:\/\/parafia.grabownowielkie.pl\/wp-content\/uploads\/2023\/08\/fundusz5-300x200.jpg 300w, https:\/\/parafia.grabownowielkie.pl\/wp-content\/uploads\/2023\/08\/fundusz5-768x512.jpg 768w, https:\/\/parafia.grabownowielkie.pl\/wp-content\/uploads\/2023\/08\/fundusz5-1536x1024.jpg 1536w, https:\/\/parafia.grabownowielkie.pl\/wp-content\/uploads\/2023\/08\/fundusz5.jpg 1620w\" sizes=\"auto, (max-width: 1024px) 100vw, 1024px\" \/><\/figure>\n\n\n\n<p class=\"has-text-align-center\">***<\/p>\n\n\n\n<div class=\"wp-block-buttons is-layout-flex wp-block-buttons-is-layout-flex\">\n<div class=\"wp-block-button\"><a class=\"wp-block-button__link has-text-align-center wp-element-button\" href=\"https:\/\/parafia.grabownowielkie.pl\/wp-content\/uploads\/2025\/02\/FUNDUSZ-INWESTYCYJNY.pdf\" target=\"_blank\" rel=\"noreferrer noopener\">ROZLICZENIE DANIN PARAFIALNYCH<\/a><\/div>\n<\/div>\n\n\n\n<p class=\"has-text-align-center\">***<\/p>\n\n\n\n<p><\/p>\n","protected":false},"excerpt":{"rendered":"<p>W zwi\u0105zku z organizacj\u0105 sprzeda\u017cy cegie\u0142ek na remont dachu naszej \u015bwi\u0105tyni przedstawiciele rady parafialnej odwiedz\u0105 w sobot\u0119 13 maja wszystkie domy naszej parafii od godziny 9:00. Dzie\u0142o to pole\u0107my Matce Bo\u017cej. Z g\u00f3ry wszystkim dzi\u0119kuj\u0119 za zrozumienie tej nadzwyczajnej potrzeby&nbsp; &nbsp;&nbsp; Wszystkich ch\u0119tnych zapraszamy do sk\u0142adania dobrowolnych datk\u00f3w bezpo\u015brednio na konto Parafii: 77 9584 1047 &#8230; <span class=\"more\"><a class=\"more-link\" href=\"https:\/\/parafia.grabownowielkie.pl\/index.php\/fundusz-remontowy\/\">[Read more&#8230;]<\/a><\/span><\/p>\n","protected":false},"author":1,"featured_media":510,"parent":0,"menu_order":0,"comment_status":"closed","ping_status":"closed","template":"","meta":{"footnotes":""},"class_list":{"0":"entry","1":"page","2":"publish","3":"author-admin","4":"post-507","6":"has-post-thumbnail"},"_links":{"self":[{"href":"https:\/\/parafia.grabownowielkie.pl\/index.php\/wp-json\/wp\/v2\/pages\/507","targetHints":{"allow":["GET"]}}],"collection":[{"href":"https:\/\/parafia.grabownowielkie.pl\/index.php\/wp-json\/wp\/v2\/pages"}],"about":[{"href":"https:\/\/parafia.grabownowielkie.pl\/index.php\/wp-json\/wp\/v2\/types\/page"}],"author":[{"embeddable":true,"href":"https:\/\/parafia.grabownowielkie.pl\/index.php\/wp-json\/wp\/v2\/users\/1"}],"replies":[{"embeddable":true,"href":"https:\/\/parafia.grabownowielkie.pl\/index.php\/wp-json\/wp\/v2\/comments?post=507"}],"version-history":[{"count":54,"href":"https:\/\/parafia.grabownowielkie.pl\/index.php\/wp-json\/wp\/v2\/pages\/507\/revisions"}],"predecessor-version":[{"id":1896,"href":"https:\/\/parafia.grabownowielkie.pl\/index.php\/wp-json\/wp\/v2\/pages\/507\/revisions\/1896"}],"wp:featuredmedia":[{"embeddable":true,"href":"https:\/\/parafia.grabownowielkie.pl\/index.php\/wp-json\/wp\/v2\/media\/510"}],"wp:attachment":[{"href":"https:\/\/parafia.grabownowielkie.pl\/index.php\/wp-json\/wp\/v2\/media?parent=507"}],"curies":[{"name":"wp","href":"https:\/\/api.w.org\/{rel}","templated":true}]}}