{"id":417,"date":"2022-12-24T10:10:31","date_gmt":"2022-12-24T09:10:31","guid":{"rendered":"http:\/\/parafia.grabownowielkie.pl\/?page_id=417"},"modified":"2025-12-26T11:19:47","modified_gmt":"2025-12-26T10:19:47","slug":"koleda-2022","status":"publish","type":"page","link":"https:\/\/parafia.grabownowielkie.pl\/index.php\/koleda-2022\/","title":{"rendered":"KOL\u0118DA 2025\/26"},"content":{"rendered":"\n<p><strong><u>KOL\u0118DA 2025\/2026<\/u><\/strong><strong>&nbsp;&nbsp;&nbsp; <\/strong><strong><u><\/u><\/strong><\/p>\n\n\n\n<figure class=\"wp-block-table\"><table class=\"has-fixed-layout\"><tbody><tr><td><strong>DATA KOL\u0118DY<\/strong> <strong>&nbsp;<\/strong><\/td><td><strong>TRASA KOL\u0118DY<\/strong><\/td><\/tr><tr><td><em>27 GRUDNIA, sobota<\/em><\/td><td>Bia\u0142e B\u0142oto (godzina 10:00) od p. Kiebus<\/td><\/tr><tr><td><em>29 GRUDNIA, poniedzia\u0142ek<\/em><\/td><td>Bukowinka (godzina 10:00) od p. W\u00f3jcik do p. Jaworskich<\/td><\/tr><tr><td><em>30 GRUDNIA, wtorek<\/em><\/td><td>Bukowinka (godzina 10:00) od figury do p. Gni\u0142ka<\/td><\/tr><tr><td><em>31 GRUDNIA, \u015broda<\/em> <em>&nbsp;<\/em><\/td><td>mi\u0119dzytorze (godzina 10:00) od p. Osowskich<\/td><\/tr><tr><td><em>2 STYCZNIA, pi\u0105tek<\/em><\/td><td>Grabowno Wielkie (godzina 10:00) od p. Lewek do domu tartacznego<\/td><\/tr><tr><td><em>3 STYCZNIA, sobota<\/em><\/td><td>zatorze (od godziny 10:00) od p. Izydorczyk do p. Bentkowskiego<\/td><\/tr><tr><td><em>5 STYCZNIA, poniedzia\u0142ek<\/em><\/td><td>Grabowno Wielkie (godzina 15:00) od p. Zakowicz do p. Kozie\u0142<\/td><\/tr><tr><td><em>6 STYCZNIA, wtorek<\/em><\/td><td>Holendry (godzina 15:00) od p. Mi\u015b do p. Drapa\u0142a<\/td><\/tr><tr><td><em>7 STYCZNIA, \u015broda<\/em><\/td><td>Grabowno Wielkie (godzina 15:00) od przychodni do p. Plizga<\/td><\/tr><tr><td><em>8 STYCZNIA, czwartek<\/em><\/td><td>Grabowno Wielkie (godzina 15:00) od p. Ja\u015blan do p. Jarz\u0105b<\/td><\/tr><tr><td><em>9 STYCZNIA, pi\u0105tek<\/em><\/td><td>Grabowno Wielkie (godzina 15:00) od p. Szcze\u015bniak do p. G\u0142adysz<\/td><\/tr><tr><td><em>10 STYCZNIA, sobota<\/em><\/td><td>Grabowno Kolonia (godzina 10:00) od p. Babij do p. Ogrodnik (Grabowno)<\/td><\/tr><tr><td><em>12 STYCZNIA, poniedzia\u0142ek<\/em><\/td><td>Grabowno Wielkie (godzina 15:00) od p. Maciejewskich do p. Starek<\/td><\/tr><tr><td><em>13 STYCZNIA, wtorek<\/em><\/td><td>Grabowno Wielkie (godzina 15:00) od p. Oleszek do p. Piziorskich<\/td><\/tr><tr><td><em>14 STYCZNIA, \u015broda<\/em><\/td><td>Grabowno Wielkie (godzina 15:00) od p. Karga do p. Baska G.<\/td><\/tr><tr><td><em>15 STYCZNIA, czwartek<\/em><\/td><td>Grabowno Wielkie (godzina 15:00) od p. Rogala do p. Mozol<\/td><\/tr><tr><td><em>16 STYCZNIA, pi\u0105tek<\/em><\/td><td>Grabowno Wielkie (godzina 15:00) od p. Wychowaniec do p. Kral<\/td><\/tr><tr><td><em>17 STYCZNIA, sobota<\/em><\/td><td>Grabowno Wielkie (godzina 10:00) bloki od nr 142 do 151<\/td><\/tr><tr><td><em>19 STYCZNIA, poniedzia\u0142ek<\/em><\/td><td>Grabowno Wielkie (godzina 15:00) od p. Duras do p. Kowalskich<\/td><\/tr><tr><td><em>24 STYCZNIA, sobota<\/em><\/td><td>kol\u0119da indywidualna<\/td><\/tr><\/tbody><\/table><\/figure>\n","protected":false},"excerpt":{"rendered":"<p>KOL\u0118DA 2025\/2026&nbsp;&nbsp;&nbsp; DATA KOL\u0118DY &nbsp; TRASA KOL\u0118DY 27 GRUDNIA, sobota Bia\u0142e B\u0142oto (godzina 10:00) od p. Kiebus 29 GRUDNIA, poniedzia\u0142ek Bukowinka (godzina 10:00) od p. W\u00f3jcik do p. Jaworskich 30 GRUDNIA, wtorek Bukowinka (godzina 10:00) od figury do p. Gni\u0142ka 31 GRUDNIA, \u015broda &nbsp; mi\u0119dzytorze (godzina 10:00) od p. Osowskich 2 STYCZNIA, pi\u0105tek Grabowno Wielkie &#8230; <span class=\"more\"><a class=\"more-link\" href=\"https:\/\/parafia.grabownowielkie.pl\/index.php\/koleda-2022\/\">[Read more&#8230;]<\/a><\/span><\/p>\n","protected":false},"author":1,"featured_media":433,"parent":0,"menu_order":0,"comment_status":"closed","ping_status":"closed","template":"","meta":{"footnotes":""},"class_list":{"0":"entry","1":"page","2":"publish","3":"author-admin","4":"post-417","6":"has-post-thumbnail"},"_links":{"self":[{"href":"https:\/\/parafia.grabownowielkie.pl\/index.php\/wp-json\/wp\/v2\/pages\/417","targetHints":{"allow":["GET"]}}],"collection":[{"href":"https:\/\/parafia.grabownowielkie.pl\/index.php\/wp-json\/wp\/v2\/pages"}],"about":[{"href":"https:\/\/parafia.grabownowielkie.pl\/index.php\/wp-json\/wp\/v2\/types\/page"}],"author":[{"embeddable":true,"href":"https:\/\/parafia.grabownowielkie.pl\/index.php\/wp-json\/wp\/v2\/users\/1"}],"replies":[{"embeddable":true,"href":"https:\/\/parafia.grabownowielkie.pl\/index.php\/wp-json\/wp\/v2\/comments?post=417"}],"version-history":[{"count":9,"href":"https:\/\/parafia.grabownowielkie.pl\/index.php\/wp-json\/wp\/v2\/pages\/417\/revisions"}],"predecessor-version":[{"id":1862,"href":"https:\/\/parafia.grabownowielkie.pl\/index.php\/wp-json\/wp\/v2\/pages\/417\/revisions\/1862"}],"wp:featuredmedia":[{"embeddable":true,"href":"https:\/\/parafia.grabownowielkie.pl\/index.php\/wp-json\/wp\/v2\/media\/433"}],"wp:attachment":[{"href":"https:\/\/parafia.grabownowielkie.pl\/index.php\/wp-json\/wp\/v2\/media?parent=417"}],"curies":[{"name":"wp","href":"https:\/\/api.w.org\/{rel}","templated":true}]}}